{"id":2,"date":"2026-04-06T13:33:25","date_gmt":"2026-04-06T13:33:25","guid":{"rendered":"http:\/\/admilo.fr\/?page_id=2"},"modified":"2026-04-06T15:27:29","modified_gmt":"2026-04-06T15:27:29","slug":"sample-page","status":"publish","type":"page","link":"https:\/\/admilo.fr\/index.php\/sample-page\/","title":{"rendered":"Contact"},"content":{"rendered":"\n<p>Retrouvez-moi sur les r\u00e9seaux sociaux<\/p>\n\n\n\n<p>Facebook : <em>Admilo<\/em>, <\/p>\n\n\n\n<p>Linkedin : <em>Floriane KILLIAN<\/em>.<\/p>\n\n\n\n<p>Mais \u00e9galement par mail <em>admilo.assist@gmail.com <\/em><\/p>\n\n\n\n<p>Par t\u00e9l\u00e9phone au 07.67.70.27.60<\/p>\n\n\n\n<p>Via l&rsquo;onglet \u00ab\u00a0<em>Demande de Devis<\/em>\u00a0\u00bb sur la page d&rsquo;Accueil de ce site<\/p>\n\n\n\n<p><\/p>\n","protected":false},"excerpt":{"rendered":"<p>Retrouvez-moi sur les r\u00e9seaux sociaux Facebook : Admilo, Linkedin : Floriane KILLIAN. Mais \u00e9galement par mail admilo.assist@gmail.com Par t\u00e9l\u00e9phone au 07.67.70.27.60 Via l&rsquo;onglet \u00ab\u00a0Demande de Devis\u00a0\u00bb sur la page d&rsquo;Accueil de ce site<\/p>\n","protected":false},"author":1,"featured_media":0,"parent":0,"menu_order":0,"comment_status":"closed","ping_status":"open","template":"","meta":{"footnotes":""},"class_list":["post-2","page","type-page","status-publish","hentry"],"_links":{"self":[{"href":"https:\/\/admilo.fr\/index.php\/wp-json\/wp\/v2\/pages\/2","targetHints":{"allow":["GET"]}}],"collection":[{"href":"https:\/\/admilo.fr\/index.php\/wp-json\/wp\/v2\/pages"}],"about":[{"href":"https:\/\/admilo.fr\/index.php\/wp-json\/wp\/v2\/types\/page"}],"author":[{"embeddable":true,"href":"https:\/\/admilo.fr\/index.php\/wp-json\/wp\/v2\/users\/1"}],"replies":[{"embeddable":true,"href":"https:\/\/admilo.fr\/index.php\/wp-json\/wp\/v2\/comments?post=2"}],"version-history":[{"count":2,"href":"https:\/\/admilo.fr\/index.php\/wp-json\/wp\/v2\/pages\/2\/revisions"}],"predecessor-version":[{"id":125,"href":"https:\/\/admilo.fr\/index.php\/wp-json\/wp\/v2\/pages\/2\/revisions\/125"}],"wp:attachment":[{"href":"https:\/\/admilo.fr\/index.php\/wp-json\/wp\/v2\/media?parent=2"}],"curies":[{"name":"wp","href":"https:\/\/api.w.org\/{rel}","templated":true}]}}